Calculate o(l).
-2
Let l(u) be the first derivative of -u**3/3 + 3*u**2 + 2*u - 1. Let a = 42 + -35. Calculate l(a).
-5
Let a(o) = -1. Let d(n) = -n - 1. Let r(b) = -2*a(b) + d(b). Suppose -5*s = -5*u - 200, -2*s + 3*u = -6 - 72. Let m be (-11)/2 + s/28. Give r(m).
5
Let o be (-1)/3 - 48/18. Let a be (-3)/4 - 12/(-16). Let j(f) = f**2 + 28*f + a*f**3 + f**3 + 2*f**2 - 26*f. Calculate j(o).
-6
Let r(m) be the first derivative of m**2 + 8*m + 3. Let c be -2 - (6 - (6 - 5)). What is r(c)?
-6
Let h = 8 + -9. Let u be (2 + h - 1)/(-2). Suppose g + 2*n - 6 = u, -g + 2*g - 1 = -n. Let b(s) = -s**2 - 4*s - 5. Calculate b(g).
-5
Suppose -3*q = -2*d + 4*d, -q = -4*d. Suppose 0 = -0*v - 2*v + 4. Let s(t) = 2 + 2*t**2 - t**v - 5*t**3 + 4*t**3 + 4. Give s(d).
6
Let t(d) be the second derivative of 0 + 20*d + 9/2*d**2 - 1/6*d**3. Determine t(9).
0
Let v(i) = 2. Let q(d) = 1. Let b(r) = -q(r) + v(r). Let l(g) = g**2 - g - 5. Let z(p) = 4*b(p) + l(p). Determine z(2).
1
Let l(z) be the second derivative of 7/2*z**2 - 3/4*z**4 - 2*z - 11/6*z**3 + 1/20*z**5 - 20. What is l(10)?
-3
Let i(c) be the first derivative of c**3/3 - c**2/2 - 24*c - 525. Calculate i(0).
-24
Let j = 96 + -96. Let z(o) = -o**2 + o + 17. Give z(j).
17
Suppose 4*j = -40 + 8. Let u(h) = h**2 + 4*h - 8. Calculate u(j).
24
Let o(z) be the second derivative of z**4/12 + 7*z**3/6 - 3*z**2/2 - 12*z + 14. Calculate o(-8).
5
Let r(n) = n + 6. Let h(d) = d**2 + 5*d - 6. Suppose 3*i + 1 = -14. Let l be h(i). Determine r(l).
0
Let z(h) = -3*h + 128 + 5*h - 124. Let r(c) = c**2 + 7*c + 7. Let x be r(-4). Determine z(x).
-6
Let o(h) = -h**3 - 9*h**2 + 13*h - 9. Let j(r) = 26*r**2 + 184*r + 4. Let x be j(-7). Determine o(x).
-39
Let b(q) = -8 + 6 + q - 2*q**2 - 2*q**3 + 0 - 4*q. Suppose -7*w - 71 = -57. Calculate b(w).
12
Let o(r) = 11*r + 4. Let l(s) = -4*s - 1. Let p be (-4)/(-4) + (3 - 3). Let x = -4 + p. Let j(h) = x*o(h) - 8*l(h). What is j(-6)?
2
Let u be ((-432)/60)/18 - 52/(-5). Let f(r) be the second derivative of -r**3/6 + 15*r**2/2 + 4*r. Determine f(u).
5
Let i = 579 - 586. Let n(m) = m + 2. Let u be n(5). Let b(a) = 4 - 4*a**2 - 2*a**2 - u*a + 6*a**2 - a**2. What is b(i)?
4
Let m(k) = 4*k - 100*k**2 - k**3 - 10 - 5*k + 95*k**2. Determine m(-5).
-5
Suppose -5*u - 5 = -s, 7*u - 20 = 4*u - 4*s. Suppose -21*f + 26*f + 40 = u. Let v(y) = -y**2 - 7*y. Give v(f).
-8
Let d(x) = 16 + 18 - 14 + 55*x - 106*x + 41*x. What is d(3)?
-10
Let m(l) = -l**2 + l. Let d(t) = 2*t + 32. Let x be d(-13). Calculate m(x).
-30
Let d(i) = -i**2 - 2*i. Let g be (0 - (1 - 3)) + 8 + -7. Let k be -10 + g - (-5 - (-12)/4). Give d(k).
-15
Suppose -3*g + 0*g - 3 = 0, 0 = -5*a - 2*g + 8. Let i(n) be the second derivative of -n**4/4 + n**3/2 - n**2/2 - 3*n + 81. Calculate i(a).
-7
Let j(b) = -47*b**2 - 11*b - 4. Let p(w) = 106*w**2 + 21*w + 7. Let g(z) = 9*j(z) + 4*p(z). Determine g(14).
-22
Suppose f - 17 = 7. Let m be (-16)/f*(-9)/(-2). Let l(v) be the third derivative of v**5/60 + v**4/8 - v**3/3 + 4*v**2. Calculate l(m).
-2
Let n(w) = -18 - w - 3*w**2 + 11*w - 31*w. What is n(-6)?
0
Let m(q) = q**2 + 2*q + 3. Let t be (1 - 6/(-2)) + -9. Let w be 8/10*t/2. Determine m(w).
3
Let z(g) = 2*g + 27. Let h(p) = p + 13. Suppose 8*n + 10*n = -234. Let v(b) = n*h(b) + 6*z(b). What is v(0)?
-7
Let a be 18/(-12) - (-30)/(-12). Let x(u) = -u**2 + 3*u + 6. Determine x(a).
-22
Let k = 60 + -94. Let y = -29 - k. Suppose -y*d = 3*d - 24. Let h(j) = 2*j - 1. Give h(d).
5
Suppose 3*x - 9 = -3*i + 2*x, 2*i - 5*x - 23 = 0. Suppose -2*j - 4*r - 2 = 12, r + 17 = i*j. Let t(w) = w - w - w**2 - 1 + 3*w. Calculate t(j).
-1
Let q = -8 + 5. Let z = -3 - q. Suppose -2*o = -5*o - 2*x - 7, z = o + x + 4. Let v(n) = n**3 - 2*n**2 + 1. Determine v(o).
0
Let p(l) be the first derivative of l**6/120 + 7*l**5/60 - l**4/24 + 5*l**3/3 - 13*l**2/2 - 41. Let s(v) be the second derivative of p(v). Give s(-7).
17
Let y be -4*(-3)/6 + 13. Suppose 8*f + 1 = -y. Let i(a) = a**3 - a**2 - 3*a - 3. Give i(f).
-9
Let n(j) be the second derivative of j**3/3 - 9*j**2/2 - 8*j. Let b be n(6). Let a(d) = d**3 - 5*d**2 + 2*d. Give a(b).
-12
Let f be 5/((-35)/(-4))*7. Let o(l) = 7 + 8*l + 4*l + f*l - 17*l. Give o(0).
7
Suppose 0 = -3*x + x + 8. Suppose -x - 8 = 3*y. Let q be 4/y + 0 - 1. Let j(r) = -3*r**2 - 3*r. Determine j(q).
-6
Suppose 14 = 3*g + i, 0*i - 10 = -3*g + i. Suppose -6*s + g*s = 6. Let t(q) = q**2 + 5*q + 4. Calculate t(s).
-2
Suppose 5*t = 5*r + 40, 4*t - 5 = -2*r + 3. Suppose -15 = -2*c - c. Let w(x) = -3 - 7*x + x + c*x + 0. Determine w(r).
1
Let m be (-2 + 1 - -1) + -2. Let y(d) = 12*d - 2*d + d - 8*d + 3. Determine y(m).
-3
Suppose -4*v + 2*v + 14 = 0. Let s(x) = 1 - 6 - v*x + 8*x. Let f(u) = 2*u + 2. Let c be f(2). Give s(c).
1
Let p(q) = -4 - 21*q**2 + 6*q + 19*q**2 + 3*q**2. Let a be (-22 - -7)*(-1)/(-3). Determine p(a).
-9
Let b = 73 + -76. Let v(r) = -2*r**2 - 2*r + 6. Let c be v(b). Let m(h) = -h. Calculate m(c).
6
Suppose 4 = -5*c - 16. Let h be (-42)/49*14/c. Let v(f) = f**3 - 3*f**2 - f + 3. What is v(h)?
0
Let u(o) be the third derivative of -o**5/20 + o**4/24 + o**3/3 - 107*o**2. What is u(2)?
-8
Let p(d) = 2*d - 7. Let z be p(5). Suppose -13*w + 6*w + 5*w = 0. Suppose -z*c + 5*c = w. Let g(y) = y**2 + y - 6. Determine g(c).
-6
Suppose 0 = -5*a + 2*w - 16, w - 1 = -a - 0. Let p be 0/5*1/a. Let q(l) = -1 + 5 - 3 + 11*l + p. Calculate q(-1).
-10
Let d(l) = 5*l - 2. Let m be (3 + -3)/(-2) - -8. Let v = m + -5. Let r = -5 + v. Give d(r).
-12
Let i(q) = 5*q + 21. Let l(t) = t + 4. Let k(b) = -2*i(b) + 11*l(b). Give k(-6).
-4
Let a(l) = -12*l**3 - l - 1. Let z = -4 - -6. Let s(y) = 13*y + 96. Let m be s(-7). Suppose -3*u - m = -z. What is a(u)?
12
Let f(s) be the first derivative of -s**2/2 + 7*s + 53. Determine f(-7).
14
Let d(b) = -50 - 18 + 73 + b. Calculate d(-9).
-4
Let j = 9 - 9. Let p(a) = 3 - 7*a + 12*a + j*a. Give p(-4).
-17
Let g(a) be the third derivative of -1/3*a**3 + 1/8*a**4 + 0 + 0*a - 8*a**2. Calculate g(3).
7
Suppose 0 = 4*j + 12, 0 = -g - 4*j - 25 - 10. Let n = 11 - 34. Let f = n - g. Let w(l) = l**2 + 4. Give w(f).
4
Suppose 4*w + 17 = -0*h + h, 2*w = 5*h - 31. Let d(c) be the third derivative of -c**3 - c**2 + 0 + 0*c - 5/24*c**4 + 1/60*c**h. Determine d(6).
0
Let r(z) be the third derivative of -z**5/60 - 5*z**4/12 - z**3/2 - 13*z**2 + 5*z. Give r(-11).
-14
Let s(v) = 19*v**2 + 7*v + 5. Let r(t) = 8*t**2 + 4*t + 2. Let f(y) = -5*r(y) + 2*s(y). Determine f(-4).
-8
Suppose 10 = 3*y - 2*y. Suppose 13 = -k + y. Let f(j) = -j + 3. Calculate f(k).
6
Let u(g) = g**3 + 4*g**2 + 2*g - 1. Let k be ((-3)/2)/(3/4). Let b be u(k). Let h(f) = 0*f**3 + 2*f**2 - 4*f**2 + 2*f**b. Calculate h(2).
8
Let s(o) be the third derivative of o**6/120 + o**5/30 + o**4/24 - o**3/3 + 107*o**2. What is s(-2)?
-4
Let z(b) = 483 - 6*b - 241 - 245. What is z(-3)?
15
Let m(j) = j**3 - 9*j - 5439*j**2 + 3 - 4 + 5431*j**2. What is m(9)?
-1
Let d(q) be the second derivative of q**4/24 - q**3/2 - 49*q**2/2 - 11*q - 2. Let b(w) be the first derivative of d(w). What is b(-8)?
-11
Let j(b) be the first derivative of b**7/840 + b**6/72 - b**5/24 + b**4/3 - 10*b**3 + 6. Let p(k) be the third derivative of j(k). Give p(-6).
2
Suppose 142*k + 1249 = 255. Let b(j) = j**3 - 2*j + 5 - 3 + 3*j + 7*j**2. What is b(k)?
-5
Suppose 41 = -5*t + 2*b, 3*t + 2*b = 7*t + 34. Let k = t - -3. Let q(u) be the first derivative of u**2 + u - 14. What is q(k)?
-7
Let a(m) = -1 - 2*m - 11 - 4 + 2. Let n be a(-5). Let c(h) = -h**3 - 3*h**2 + 4*h + 5. Give c(n).
5
Let o(d) = 2*d**3 - 13*d**2 - 2*d - 30. Let c(b) = 5*b**3 - 40*b**2 - 6*b - 91. Let f(i) = 3*c(i) - 8*o(i). What is f(-16)?
-1
Let g(p) = -4*p + 2. Let u(w) = -7*w + 5. Let l(y) = -5*g(y) + 3*u(y). Let m = 796 + -790. What is l(m)?
-1
Let r be 4/3*(-36)/(-24). Let b(z) = 9*z**2 + 4*z - 3. Determine b(r).
41
Suppose 3*t - o + 80 = 0, -4*o + 11 = 3. Let w = t + 16. Let d = -17 - w. Let r(l) = -l**2 - 7*l. Determine r(d).
0
Suppose 0 = 2*n - 6*n - 12. Let u(i) be the third derivative of -i**6/120 - i**5/12 - i**4/8 - i**3/6 - 35*i**2. Calculate u(n).
-10
Suppose -3*b - 16 = -1. Let a(t) = t - 1. Let q(h) = -14*h + 6. Let z(x) = b*a(x) - q(x). Let u = -6 + 5. What is z(u)?
-10
Let r be 4/6 + (-28)/(-3). Let n be (-2)/(-5) - (-16)/r. Let